What is 2 + -21 + -7 + 30 - -29?
33
Calculate -9 + -13 + (27 - 9) + -9.
-13
What is the value of 0 + 1 + (-8 + 0 - 1) - -18?
10
-112 + (0 + -19 - (-658 - -637))
-110
91 - (137 - (129 - 185))
-102
What is the value of ((8 - -1) + 108 + -106 - 9) + 24?
26
What is 3 + 1 + -1 + -8 - (-8 + -36)?
39
What is the value of (-135 - -95) + 33 - 66?
-73
What is (-1423 + 1428 - (1 - (-1 - 3))) + -20?
-20
Evaluate 50 - 0 - (-1044 - -1054).
40
Calculate 25 - (7 + 4 + 37) - -28.
5
-3 + 45 + (-23 - (6 + -7))
20
What is the value of -14 + (8 - (2 + -5)) + -50?
-53
-117 - -133 - (6 + -15 + 6 - 33)
52
(45 - 58 - -12 - (0 - -9)) + 11 - -98
99
1 + (6 - ((3 - 1) + -15))
20
Evaluate -33 - 2 - (-238 + 300 + -109).
12
Evaluate (-97 - 16 - -119) + (0 - 17).
-11
2 - -4 - (10 - -8) - 22
-34
Calculate (16 - 2) + -29 + (-7 + 9 - -59).
46
Evaluate -6 + -35 + -21 + (-29 - -9) + 25.
-57
Calculate -53 + 35 + -4 + 81 - 12.
47
Calculate 20 + -4 + 9 + -18 + 74 + -60.
21
Calculate -12 - (-59 - -69 - (-1 + 2 + 25)).
4
Evaluate -109 + 66 + -43 + 47.
-39
What is the value of 56 - 185 - (-107 - -7)?
-29
Calculate 7 + -19 + -2 + 9 - -21.
16
Calculate -42 - -196 - 166 - (-83 + -2 + 0).
73
Calculate 0 - -2 - (-33 + 80 + -74 + -37).
66
-9 + 3 + 10 + (-12 - (12 + -2))
-18
-210 + -81 + 201 + 21
-69
(6 - (3 - (-3 - -7)) - (74 + -99)) + 9
41
What is 66 + (-4 - (33 + -17 - 11) - (0 - -2))?
55
Calculate (1 - 2 - (0 - -1)) + -24855 + 24832.
-25
-35 + (-34 - -43) + 8
-18
What is (123 - -124) + -86 - 111?
50
Calculate (2 - 0) + -55 + (-21 + -11 + 23 - -15).
-47
Evaluate (-11969 - -11951) + -57 + (3 + -1 - 0).
-73
What is the value of 14 - -1 - (-50 - -59) - 29?
-23
What is the value of -2 + (-2 - -8 - -2) + 153 + (-54 - 94)?
11
Calculate (-6 + 4 + 1 - (-54 - 2)) + -4.
51
What is -156 + 14 + 90 - -28?
-24
Calculate -30 + -7 + 2 + 169 + -61.
73
38 - 16 - (-2 - (9 - 45))
-12
What is the value of 23 + (17 - (59 + 3) - -38)?
16
What is (-355 - -447) + 4 + (14 - 66)?
44
Evaluate (-20 + -10 + 56 - -1) + -12.
15
-3 + 12 + -4 + (4 - 0 - -36)
45
What is the value of -10 - ((13 - 17) + -8 + -42)?
44
What is the value of (-155 - -160) + (1 - -9) + 5 + -8 + 2?
14
-18 + (17 - (-23 + (58 - -10))) + -3
-49
What is -79 + 43 + 107 - (-1 - -15)?
57
Evaluate 22 - -6 - (1 - ((15 - 11) + (-4 - -6))).
33
What is (-49 + 15 - -31) + -11 + 33 + -2?
17
Calculate -33 + 39 + -35 + 8 + 4.
-17
Evaluate 0 - 22 - (-111 - (-40 + -56)).
-7
Calculate (-108 - -29) + 4 + 24.
-51
(4 - 5 - -54) + (-5 - 1) + -5 + 8
50
Calculate -621 + 613 + 2 + -4 - (-2 + 3).
-11
Evaluate -20 - (53 - (57 - -41)).
25
Calculate 686 + -589 - (-1 + 46).
52
Evaluate (28 - 0) + 4 + (487 - 508).
11
What is the value of 21 + -44 + 30 + (-5 - -9) + -4?
7
What is -29 + -1 + 19 + 9 + 23?
21
Evaluate 20 + -34 - (3 - -4) - 24.
-45
Evaluate -12 - (-5 + -1 + -6 + 12 + -100 + 94).
-6
What is -42 - -139 - 50 - 23?
24
Calculate -2 + (20 - (-37 + 48 - -2)).
5
Evaluate -135 - -123 - 23 - (9 + -5 + -21).
-18
8 + (1 - -1 - (-5 + 3)) + (-55 - -63)
20
Evaluate 292 + -286 + -1 + 0 - -10.
15
Calculate (-98 - -129) + 2 + -31 - (0 - 25).
27
What is the value of (5 - (-1 + (-42 - -1) - (-47 + 50))) + 13?
63
Evaluate -129 + 169 - (-4 + 5 - 2).
41
What is the value of (14 - (-8 + (-3 - -122))) + (5 - 10) + -5?
-107
(-40 - (12 - (60 + -13) - -13)) + 24
6
Evaluate 24 - ((-177 - -155) + (2 - -15) - (-5 - 0)).
24
What is the value of (-320 - -355) + -8 + -5 + -1?
21
What is -58 + -67 + 162 + -77?
-40
What is (-1 - (-21 + -36 + -35)) + -13?
78
Calculate 10 - (17 + (-8 - 30 - -31) + (0 - 109)).
109
What is the value of (-4 + 6 + 11 - 24) + -4 + -32?
-47
What is the value of 0 + (-63 + 51 - -48)?
36
-29 + 17 - (12 - 28) - -17
21
Evaluate (17 - -7) + -6 + -27 + -4.
-13
(18 - ((12 - 8 - 21) + 19)) + -93
-77
What is (-2 - (2 + 15 + -19)) + (4 - -1)?
5
What is (32 + -356 - -305) + (1 - 1 - (-10 - 0))?
-9
Evaluate 9 + -22 - -18 - (52 - -5).
-52
What is the value of -7 - (-35 + 50 + -3)?
-19
What is ((-77 - -52) + 72 - -36) + (1 - 6)?
78
-46 - (11 - (63 + -25))
-19
Calculate 2 + -1 + (-39 - (5 + -42)) + 1 + -61.
-61
Calculate (20 - 2) + (19 - 36) - (-8 + 1) - 59.
-51
-9 - (1 + 1) - (-8 + 9) - (-1333 + 1298)
23
-79 + (-10 - 18) + 63 + -34
-78
Evaluate 85 - (132 + 108 + -193).
38
Calculate (33 - (37 + -9 + -17)) + -16.
6
What is -7 + (28 + 0 - (77 - 106) - (-8 + 0))?
58
Calculate (53 + -69 - (-6 - 0)) + -5 - -131.
116
What is 45 + -82 - -115 - (-11 + 12 - (-9 + 0))?
68
What is -203 + (49 - -1) + 1 + 40?
-112
What is the value of -53 + -7 - (-4 + -118)?
62
Evaluate (0 - -3) + 1 - (-19178 + 19148).
34
Calculate 21 + 72 - 44 - (39 + -11).
21
Calculate 30 + 75 + -111 + 5.
-1
Calculate 19 + 0 + 1 + 5 + -3 + 8.
30
What is -159 - (15 - (2 + 10)) - (-6 + 15 + -25)?
-146
-2 + 0 + (83 - 36 - 37) + -30 + 0
-22
-9 + (-14 - (-188 - -61))
104
What is the value of 43 + (-26 + 29 - (4 - -3))?
39
What is -51 + 38 + (-154 - -26)?
-141
Evaluate 7 - (10 + 4 + -29) - -23.
45
Calculate 24 + (-2 + 2 + -32 - 20).
-28
Calculate -1 + 0 + 1444 + -1477.
-34
Calculate (72 + -39 - (-3 + 26)) + (-3 - -44).
51
What is -11 - (-19 + (-114 - -146) - (0 + 2 + -4))?
-26
Calculate -39 + 14 + 1 + -25 - -8.
-41
What is the value of 80 + 2894 + -2921 + 26 + -1?
78
What is (-29 - 10 - -58 - -33) + -26?
26
What is 27 - ((14 + 15 + -5 - 13) + -25)?
41
Calculate -54 - (-45 - -25 - 49) - (-1 - -128).
-112
What is 14 + (2 - (19 - 10)) - -12?
19
Calculate 4 + (19 + -26 - -17) - -33.
47
(-11 - -47) + (-34 + 26 - 3)
25
Evaluate (3348 - 3220) + 0 + 5.
133
What is the value of (20 - ((34 - 26) + -15)) + -20?
7
What is the value of 5 + -6 + -10 + -2 + 22 + -8?
1
-1 - 1 - (-32 - (-67 - -38)) - (-131 - 16)
148
Calculate (6 - 16) + -2 + -4 + 3 + -29 + 109.
67
What is 5 - 9 - (3 + -23 + -33 + 42)?
7
What is the value of 14 + (-5 - (1 - 0 - (-4 + -23)))?
-19
What is 17 + (4 - 3 - -93) + 313 + -324?
100
-12 + (-14 - (0 + -137 - -22))
89
Calculate 14 + (13 - (-8 + (33 - -9))) - -55.
48
What is (22 - (-8 - -47)) + (0 - -3)?
-14
(-65 + 26 - 44) + 23
-60
Calculate 469 - 537 - (1 + -111).
42
-41 + 42 - 1 - (13 - (-9 - (-4 - 0)))
-18
What is the value of -170 - -162 - (6 - (-4 + -8))?
-26
Calculate (-25 - -51 - -47) + -45.
28
What is (39 - (2 - 1)) + (19 - (-26 + 43)) - -5?
45
(-23 - (-2 + 10) - (6 + -11)) + 10
-16
Evaluate -675 + 667 - (36 - -14).
-58
6 - (64 + 7 + -9 + -2 + -1 + -5)
-48
Evaluate (22 - 21) + (0 - (8 - 9)) + -11.
-9
-4 + (1 - -4) + -14 - (-11 + -4)
2
-29 + (30 - -16) + 11
28
Calculate (47 - 64 - -36) + (-1 - -2) - (1 - -1).
18
What is the value of -8 - (-4 - (47 - 18)) - (2 - 7)?
30
What is the value of 0 - (18 + 1 + (30 - -11 - -33))?
-93
What is -12 + 14 + (9 - (27 + 20))?
-36
Calculate 4 + -93 - (853 - 864).
-78
Evaluate (46 - (-103 - -87)) + -71.
-9
Calculate 21 + (-3 + -21 + -24 - -14).
-13
-3 - 4 - (3395 + -3488)
86
What is -13 + -1 + (-1247 - -1304) + 2?
45
What is (-31 - 17) + 89 + -97?
-56
Evaluate (1223 - 1250) + -66 + 0.
-93
What is 191 - 181 - (2 + -2 + (0 - -32))?
-22
What is -40 + -112 + 29 + 71?
-52
0 - (20 + -1) - (-17 + -2)
0
What is the value of (68 + -9 - (-1 + (7 - 4))) + -48 + 39?
48
Evaluate -5 + 4 + -68 - 35 - (-5 - -3).
-102
(-53 - (-28 + -20)) + 23
18
170 + -212 + (13 - -163)
134
What is the value of 1 - (-8 - (6 + -8)) - 0?
7
What is the value of 0 + -3 + (-110 + 12 - -77)?
-24
-24 - -9 - (66 - 51)
-30
What is the value of 70 - (107 + (122 - 46))?
-113
114 - (20 - (37 - 27))
104
What is 22 - (16 + (-13 - -52 - -5))?
-38
Calculate 32 - (22 + 7 - (-13 + (34 - 12 - -5))).
17
0 + -12 + (634 - 661)
-39
Calculate 53 + (-13 - 0 - (141 - 152)) + 23.
74
What is -27 - -63 - 77 - (2 - 12)?
-31
What is -2 + 0 + -10 - (62 + -62 - 3)?
-9
What is 30 + (-7 - (-6 + 5 + 2 - 15))?
37
What is -128 - (-5 + -28) - (28 - 28)?
-95
What is the value of -1 + (11 - (36 + (0 - (-17 - -20))))?
-23
-54 + 0 + 4 - (1 - (-4 + 8))
-47
What is -331 + 501 + (2 - (2 - -17)) - 9?
144
What is the value of 17 - (-29 + 28 + (33 - 29))?
14
What is the value of -38 + (-49 - -130) + -3 + -1 + -5 + 4?
38
What is the value of 2 + (8 - (-7 - -25)) + 26?
18
Calculate (-14 - 4) + 185 + -184.
-17
What is the value of -16 - (-102 + (52 - 30))?
64
Calculate -13 - (12 + 10 + 4 + -20 + 6).
-25
What is -62 + -62 + 164 - (-2 + 10 - 1)?
33
32 + -54 + 5 + (4 - (10 + 4 + -6)